e 11, what is 4 + -742320a?
-7423206
In base 7, what is 113500030 + 435?
113500465
In base 10, what is 74 - 2441090?
-2441016
In base 13, what is -b7522157 - 1?
-b7522158
In base 3, what is 2011010 + -212221111?
-210210101
In base 4, what is 2311030001 - -21221?
2311111222
In base 10, what is -5 + 7976902?
7976897
In base 13, what is 7927c1 + 6?
7927c7
In base 8, what is -402 + 6265676?
6265274
In base 14, what is 565c + -78?
55c4
In base 7, what is -124 - 40154?
-40311
In base 8, what is -4 - -335017603?
335017577
In base 16, what is -4ac - -6b00f?
6ab63
In base 7, what is -153641342 + 3?
-153641336
In base 6, what is 30340354012 - -10?
30340354022
In base 7, what is -110102 - 11635?
-122040
In base 10, what is 527027 + -15?
527012
In base 3, what is 112 - 1122021012100?
-1122021011211
In base 7, what is -3121143053 - 12?
-3121143065
In base 14, what is 15 - 148b9d?
-148b88
In base 3, what is 11 + -2120111202210?
-2120111202122
In base 13, what is -488 + 36c9a?
36812
In base 2, what is -101101100 - -11110000101?
11000011001
In base 6, what is -10254305324 + -14?
-10254305342
In base 13, what is 1133 + 4177?
52aa
In base 11, what is 55694 + -100?
55594
In base 12, what is 16919 - 194?
16745
In base 7, what is 3 + 430620242?
430620245
In base 15, what is -1185 + 6847?
56b2
In base 6, what is 1 + -153504153?
-153504152
In base 8, what is 1015272 + 310?
1015602
In base 14, what is -581 - -8754?
81b3
In base 16, what is -3 - -15a3cdb?
15a3cd8
In base 15, what is -275e1 - -209?
-273d7
In base 11, what is 2554681 + 20?
25546a1
In base 9, what is 51 - -31008?
31060
In base 16, what is a79feb3 - 5?
a79feae
In base 2, what is 1100101011 - -1111001100111?
10000110010010
In base 11, what is 1796 - 1a2a1?
-18606
In base 4, what is 10 + -101233031020?
-101233031010
In base 12, what is -8 - -9a66b?
9a663
In base 10, what is 28 - 12997735?
-12997707
In base 12, what is -2794 - -741?
-2053
In base 15, what is 830 + -3b08?
-32c8
In base 14, what is -21175 - 152?
-212c7
In base 11, what is -86a + 1aa54?
1a195
In base 9, what is 11545 + -31135?
-18480
In base 2, what is 11011000001111101100 + 10001?
11011000001111111101
In base 15, what is 0 - -c14d60?
c14d60
In base 2, what is 1111101001001 - -110101101010?
10110010110011
In base 14, what is 51797 + 7?
517a0
In base 15, what is 1d70 - -1e8a4?
21724
In base 10, what is -446 - 23682?
-24128
In base 2, what is -100001 - -1000001001010010011010?
1000001001010001111001
In base 8, what is 73323447 - 41?
73323406
In base 2, what is -110 + -11110010011000100010000011?
-11110010011000100010001001
In base 16, what is -546e - 71?
-54df
In base 2, what is -1010000011000001001010 - -1011110?
-1010000010111111101100
In base 5, what is 0 - -13403313212?
13403313212
In base 16, what is 9678d + -8?
96785
In base 8, what is 120671346 + 3?
120671351
In base 4, what is 31030 + -2213111320?
-2213020230
In base 3, what is 21221 - 10002001012?
-10001202021
In base 10, what is -5 + -50852688?
-50852693
In base 10, what is 131 + 9134?
9265
In base 15, what is -19c2 + 36c?
-1655
In base 14, what is 1991c7d + -5?
1991c78
In base 16, what is 8202 + 134?
8336
In base 10, what is -8 - 110283?
-110291
In base 14, what is 3 - -35b542?
35b545
In base 2, what is 1110111101000010100111 - -10010?
1110111101000010111001
In base 5, what is 211210 - 22000?
134210
In base 15, what is 7bab - b?
7ba0
In base 6, what is 105221014 - -22?
105221040
In base 2, what is 101 - 11011011010110010011101?
-11011011010110010011000
In base 8, what is 1223 + 124505?
125730
In base 2, what is 101 - -10111101010000000000111110?
10111101010000000001000011
In base 10, what is 43877531 + 19?
43877550
In base 2, what is -111100111111101000 + -1101011011?
-111101001101000011
In base 16, what is 9f - ab25?
-aa86
In base 13, what is -38 + 34b58c?
34b554
In base 8, what is -4271 + 15201?
10710
In base 15, what is 5 - -1e4b14?
1e4b19
In base 8, what is 241450164 + 3?
241450167
In base 14, what is -492 + 321b0?
31b1c
In base 14, what is d8 - 4a087?
-49d8d
In base 13, what is 2ccaa22 + -4?
2ccaa1b
In base 16, what is 70505 - ca?
7043b
In base 8, what is -45 - 36650553?
-36650620
In base 2, what is -111010 + 10111110000000111111?
10111110000000000101
In base 3, what is -10112222202212002 + -2?
-10112222202212011
In base 10, what is -114 + -45310?
-45424
In base 4, what is 301 - 1232120021?
-1232113120
In base 3, what is -210201211112 + -1112?
-210201220001
In base 13, what is 1651 - 860?
ac1
In base 7, what is 221532 - 1201?
220331
In base 9, what is -3840240426 - 5?
-3840240432
In base 5, what is -2200021 - -122241?
-2022230
In base 6, what is -10002035 + 22?
-10002013
In base 15, what is -1e - -25d6c?
25d4d
In base 6, what is 53425 + -1514025?
-1420200
In base 8, what is 7 - -5760361?
5760370
In base 12, what is -2746426 + -8b?
-27464b5
In base 12, what is -7228 + -15b?
-7387
In base 3, what is -10 + -10012201001221?
-10012201002001
In base 15, what is -30 + 2d0d36?
2d0d06
In base 13, what is 1809 + 206b6?
221c2
In base 5, what is -4111000 + -21003?
-4132003
In base 10, what is -243 + -403989?
-404232
In base 7, what is 426 - -1020064?
1020523
In base 4, what is 3310121300 + 33?
3310121333
In base 15, what is -3112a - -12ab?
-2ed6e
In base 7, what is -6 - 3600044?
-3600053
In base 12, what is -3718b + 2195?
-34bb6
In base 15, what is a40da - -21?
a410b
In base 6, what is 2 - -525545135?
525545141
In base 15, what is -4 - -371e55?
371e51
In base 11, what is 9 + -2632846?
-2632838
In base 4, what is -2310 + 1000321?
332011
In base 15, what is -e12 + b062?
a150
In base 14, what is 704 + 5c8c?
6592
In base 9, what is 0 + -24733371?
-24733371
In base 14, what is -2 - -24314124?
24314122
In base 6, what is -5510210334 + -5?
-5510210343
In base 14, what is -2a - 5771c?
-57748
In base 2, what is 1001011000010110100110 - 10001?
1001011000010110010101
In base 11, what is -137 + 822127?
821aa0
In base 8, what is 101520054 + -1?
101520053
In base 14, what is -5 - 470729c?
-47072a3
In base 6, what is -10 - 11214501?
-11214511
In base 9, what is 13 + -6377281?
-6377267
In base 7, what is -3656056 - 1011?
-3660100
In base 13, what is -3347 + 1945?
-1702
In base 3, what is -11220111201002022 + -2?
-11220111201002101
In base 5, what is 33024220304 - -10?
33024220314
In base 5, what is 3 + -20121101?
-20121043
In base 10, what is -3 + 110049815?
110049812
In base 15, what is -3b5b70b - -3?
-3b5b708
In base 6, what is -15453 + 1224315?
1204422
In base 13, what is 27436 + -c3?
27343
In base 11, what is 26a37811 - 5?
26a37807
In base 2, what is 11101011101011000001100 + 10001?
11101011101011000011101
In base 6, what is -4 - -544143453?
544143445
In base 15, what is 12076 + 4?
1207a
In base 6, what is 5 + 130533142?
130533151
In base 4, what is -301311300211 + -3?
-301311300220
In base 2, what is -10000010000 + 1111000110?
-1001010
In base 4, what is -113002102033 + -1?
-113002102100
In base 4, what is 22 + -1012232123?
-1012232101
In base 11, what is 137407 - -2471?
139878
In base 7, what is 10555151061 - 2?
10555151056
In base 11, what is 265279191 + 4?
265279195
In base 12, what is -101 - 318a?
-328b
In base 11, what is 1 + -67472423?
-67472422
In base 2, what is 1000100 + 110111000011001100011?
110111000011010100111
In base 11, what is 15916 + 7757?
22572
In base 15, what is -16daa - -25?
-16d85
In base 14, what is 16d - ad62?
-abd3
In base 6, what is 34021 + 520?
34541
In base 3, what is 2112122221212 + -121?
2112122221021
In base 10, what is 180640 - 12?
180628
In base 6, what is 2 + 234125545?
234125551
In base 13, what is -2753b96 + -79?
-2753c42
In base 5, what is 2223 - 2221042?
-2213314
In base 2, what is 101 + 11000011001101000011?
11000011001101001000
In base 6, what is 115 - -3412233?
3412352
In base 6, what is -43330 + 4121?
-35205
In base 4, what is -22 + 3131322030?
3131322002
In base 3, what is 1 + 11201100111101?
11201100111102
In base 8, what is -576 + -17722?
-20520
In base 9, what is -47 - 175646?
-175704
In base 13, what is -59702965 - -3?
-59702962
In base 4, what is 1202110 - 3011331?
-1203221
In base 11, what is 75360 - -7?
75367
In base 14, what is -44c29 - 28?
-44c53
In base 2, what is -1010101101101 + 111001100?
-1001110100001
In base 16, what is 1 - -ba69f?
ba6a0
I